{"id":15363,"date":"2023-05-21T12:07:29","date_gmt":"2023-05-21T11:07:29","guid":{"rendered":"https:\/\/www.lojadokart.com\/?post_type=product&#038;p=15363"},"modified":"2026-04-12T04:13:06","modified_gmt":"2026-04-12T03:13:06","slug":"omp-ks-1-pro-body-protection-fia-approved","status":"publish","type":"product","link":"https:\/\/www.lojadokart.com\/?product=omp-ks-1-pro-body-protection-fia-approved","title":{"rendered":"OMP KS-1 PRO BODY PROTECTION &#8211; FIA APPROVED"},"content":{"rendered":"<p>O protetor de costelas de karting OMP KS-1 Pro foi desenvolvido usando informa\u00e7\u00f5es das equipes l\u00edderes mundiais, resultando em um colete que est\u00e1 em conformidade com a mais recente aprova\u00e7\u00e3o FIA 8870-2018 e oferece prote\u00e7\u00e3o incompar\u00e1vel para as costelas, costas e peito.<\/p>\n<p>Exterior em policarbonato resistente, forro interior em borracha nitr\u00edlica e espuma viscoel\u00e1stica antichoque que dissipa a energia em caso de acidente.<br \/>\nO KS-1 PRO oferece prote\u00e7\u00e3o completa ao motorista (costelas, frente e costas) aliada ao m\u00e1ximo conforto gra\u00e7as ao acolchoamento interno e ao exclusivo sistema de encaixe autoajust\u00e1vel. Ombros ajust\u00e1veis e al\u00e7as laterais com velcro, protetor frontal moldado para obter melhor conforto e maior prote\u00e7\u00e3o.<\/p>\n<p>KS-1 PRO pode acomodar v\u00e1rias alturas e formas de corpo gra\u00e7as a sete tamanhos diferentes:<br \/>\n4 tamanhos de ajuste padr\u00e3o (S-M-L-XL) e 3 tamanhos de ajuste largo (M largo, L largo, XL largo).<\/p>\n<p>O kit sobressalente de acolchoamento interno (6mm mais grosso) garante um ajuste perfeito tamb\u00e9m aos corpos mais magros sem comprometer o conforto e a seguran\u00e7a (dispon\u00edvel como opcional vendido separadamente, f\u00e1cil de configurar gra\u00e7as aos engates r\u00e1pidos de velcro \u2013 refer\u00eancia EQ741.10T).<\/p>\n<p>Cores: preto\/amarelo fluorescente<br \/>\nHomologa\u00e7\u00e3o: FIA 8870-2018<\/p>\n<p>Tamanhos:<br \/>\nS (homologado de 116 a 152 cm de altura &#8211; sugerido para 63-71 cm de circunfer\u00eancia do peito)<br \/>\nM (homologado de 152 a 170 cm &#8211; sugerido para 69,5-80 cm de circunfer\u00eancia do peito)<br \/>\nM de largura (homologado de 152 a 170 cm &#8211; sugerido para 79,5-90 cm de circunfer\u00eancia do peito)<br \/>\nL (homologado de 170 a 188 cm &#8211; sugerido para 77-90 cm de circunfer\u00eancia do peito)<br \/>\nLargura L (homologado de 170 a 188 cm &#8211; sugerido para 78-100 cm de circunfer\u00eancia do peito)<br \/>\nXL (homologado a partir de 188 cm &#8211; sugerido para 90-105 cm de circunfer\u00eancia do peito)<br \/>\nXL largo (homologado a partir de 188 cm &#8211; sugerido para 105-120 cm de circunfer\u00eancia do peito)<\/p>\n","protected":false},"excerpt":{"rendered":"<p>O protetor de costelas de karting OMP KS-1 Pro foi desenvolvido usando informa\u00e7\u00f5es das equipes l\u00edderes mundiais, resultando em um colete que est\u00e1 em conformidade com a mais recente aprova\u00e7\u00e3o FIA 8870-2018 e oferece prote\u00e7\u00e3o incompar\u00e1vel para as costelas, costas e peito. Exterior em policarbonato resistente, forro interior em borracha nitr\u00edlica e espuma viscoel\u00e1stica antichoque [&hellip;]<\/p>\n","protected":false},"featured_media":15369,"template":"","meta":{"_acf_changed":false,"_eb_attr":"","_uag_custom_page_level_css":"","_monsterinsights_skip_tracking":false,"_monsterinsights_sitenote_active":false,"_monsterinsights_sitenote_note":"","_monsterinsights_sitenote_category":0,"site-sidebar-layout":"default","site-content-layout":"","ast-site-content-layout":"default","site-content-style":"default","site-sidebar-style":"default","ast-global-header-display":"","ast-banner-title-visibility":"","ast-main-header-display":"","ast-hfb-above-header-display":"","ast-hfb-below-header-display":"","ast-hfb-mobile-header-display":"","site-post-title":"","ast-breadcrumbs-content":"","ast-featured-img":"","footer-sml-layout":"","ast-disable-related-posts":"","theme-transparent-header-meta":"default","adv-header-id-meta":"","stick-header-meta":"default","header-above-stick-meta":"","header-main-stick-meta":"","header-below-stick-meta":"","astra-migrate-meta-layouts":"set","ast-page-background-enabled":"default","ast-page-background-meta":{"desktop":{"background-color":"","background-image":"","background-repeat":"repeat","background-position":"center center","background-size":"auto","background-attachment":"scroll","background-type":"","background-media":"","overlay-type":"","overlay-color":"","overlay-opacity":"","overlay-gradient":""},"tablet":{"background-color":"","background-image":"","background-repeat":"repeat","background-position":"center center","background-size":"auto","background-attachment":"scroll","background-type":"","background-media":"","overlay-type":"","overlay-color":"","overlay-opacity":"","overlay-gradient":""},"mobile":{"background-color":"","background-image":"","background-repeat":"repeat","background-position":"center center","background-size":"auto","background-attachment":"scroll","background-type":"","background-media":"","overlay-type":"","overlay-color":"","overlay-opacity":"","overlay-gradient":""}},"ast-content-background-meta":{"desktop":{"background-color":"var(--ast-global-color-5)","background-image":"","background-repeat":"repeat","background-position":"center center","background-size":"auto","background-attachment":"scroll","background-type":"","background-media":"","overlay-type":"","overlay-color":"","overlay-opacity":"","overlay-gradient":""},"tablet":{"background-color":"var(--ast-global-color-5)","background-image":"","background-repeat":"repeat","background-position":"center center","background-size":"auto","background-attachment":"scroll","background-type":"","background-media":"","overlay-type":"","overlay-color":"","overlay-opacity":"","overlay-gradient":""},"mobile":{"background-color":"var(--ast-global-color-5)","background-image":"","background-repeat":"repeat","background-position":"center center","background-size":"auto","background-attachment":"scroll","background-type":"","background-media":"","overlay-type":"","overlay-color":"","overlay-opacity":"","overlay-gradient":""}},"_joinchat":[]},"product_brand":[],"product_cat":[532,504],"product_tag":[],"berocket_brand":[539],"class_list":{"0":"post-15363","1":"product","2":"type-product","3":"status-publish","4":"has-post-thumbnail","6":"product_cat-coletes-premium","7":"product_cat-produtos-premium","8":"berocket_brand-omp","9":"desktop-align-left","10":"tablet-align-left","11":"mobile-align-left","12":"ast-product-gallery-layout-horizontal-slider","13":"ast-product-single-variable","14":"ast-product-tabs-layout-horizontal","16":"first","17":"instock","18":"taxable","19":"shipping-taxable","20":"purchasable","21":"product-type-variable"},"acf":[],"uagb_featured_image_src":{"full":["https:\/\/www.lojadokart.com\/wp-content\/uploads\/2023\/05\/omp-ks-1-pro-body-protection-fia-approved.jpg",800,800,false],"thumbnail":["https:\/\/www.lojadokart.com\/wp-content\/uploads\/2023\/05\/omp-ks-1-pro-body-protection-fia-approved-150x150.jpg",150,150,true],"medium":["https:\/\/www.lojadokart.com\/wp-content\/uploads\/2023\/05\/omp-ks-1-pro-body-protection-fia-approved-300x300.jpg",300,300,true],"medium_large":["https:\/\/www.lojadokart.com\/wp-content\/uploads\/2023\/05\/omp-ks-1-pro-body-protection-fia-approved-768x768.jpg",768,768,true],"large":["https:\/\/www.lojadokart.com\/wp-content\/uploads\/2023\/05\/omp-ks-1-pro-body-protection-fia-approved.jpg",800,800,false],"1536x1536":["https:\/\/www.lojadokart.com\/wp-content\/uploads\/2023\/05\/omp-ks-1-pro-body-protection-fia-approved.jpg",800,800,false],"2048x2048":["https:\/\/www.lojadokart.com\/wp-content\/uploads\/2023\/05\/omp-ks-1-pro-body-protection-fia-approved.jpg",800,800,false],"woocommerce_thumbnail":["https:\/\/www.lojadokart.com\/wp-content\/uploads\/2023\/05\/omp-ks-1-pro-body-protection-fia-approved-300x300.jpg",300,300,true],"woocommerce_single":["https:\/\/www.lojadokart.com\/wp-content\/uploads\/2023\/05\/omp-ks-1-pro-body-protection-fia-approved-600x600.jpg",600,600,true],"woocommerce_gallery_thumbnail":["https:\/\/www.lojadokart.com\/wp-content\/uploads\/2023\/05\/omp-ks-1-pro-body-protection-fia-approved-100x100.jpg",100,100,true]},"uagb_author_info":{"display_name":"admin","author_link":"https:\/\/www.lojadokart.com\/?author=0"},"uagb_comment_info":0,"uagb_excerpt":"O protetor de costelas de karting OMP KS-1 Pro foi desenvolvido usando informa\u00e7\u00f5es das equipes l\u00edderes mundiais, resultando em um colete que est\u00e1 em conformidade com a mais recente aprova\u00e7\u00e3o FIA 8870-2018 e oferece prote\u00e7\u00e3o incompar\u00e1vel para as costelas, costas e peito. Exterior em policarbonato resistente, forro interior em borracha nitr\u00edlica e espuma viscoel\u00e1stica antichoque&hellip;","_links":{"self":[{"href":"https:\/\/www.lojadokart.com\/index.php?rest_route=\/wp\/v2\/product\/15363","targetHints":{"allow":["GET"]}}],"collection":[{"href":"https:\/\/www.lojadokart.com\/index.php?rest_route=\/wp\/v2\/product"}],"about":[{"href":"https:\/\/www.lojadokart.com\/index.php?rest_route=\/wp\/v2\/types\/product"}],"wp:featuredmedia":[{"embeddable":true,"href":"https:\/\/www.lojadokart.com\/index.php?rest_route=\/wp\/v2\/media\/15369"}],"wp:attachment":[{"href":"https:\/\/www.lojadokart.com\/index.php?rest_route=%2Fwp%2Fv2%2Fmedia&parent=15363"}],"wp:term":[{"taxonomy":"product_brand","embeddable":true,"href":"https:\/\/www.lojadokart.com\/index.php?rest_route=%2Fwp%2Fv2%2Fproduct_brand&post=15363"},{"taxonomy":"product_cat","embeddable":true,"href":"https:\/\/www.lojadokart.com\/index.php?rest_route=%2Fwp%2Fv2%2Fproduct_cat&post=15363"},{"taxonomy":"product_tag","embeddable":true,"href":"https:\/\/www.lojadokart.com\/index.php?rest_route=%2Fwp%2Fv2%2Fproduct_tag&post=15363"},{"taxonomy":"berocket_brand","embeddable":true,"href":"https:\/\/www.lojadokart.com\/index.php?rest_route=%2Fwp%2Fv2%2Fberocket_brand&post=15363"}],"curies":[{"name":"wp","href":"https:\/\/api.w.org\/{rel}","templated":true}]}}