{"id":16538,"date":"2024-01-19T15:29:03","date_gmt":"2024-01-19T15:29:03","guid":{"rendered":"https:\/\/www.lojadokart.com\/?post_type=product&#038;p=16538"},"modified":"2026-04-10T04:02:19","modified_gmt":"2026-04-10T03:02:19","slug":"capacete-arai-gp7","status":"publish","type":"product","link":"https:\/\/www.lojadokart.com\/?product=capacete-arai-gp7","title":{"rendered":"CAPACETE ARAI &#8211; GP7 WITH HANS CLIPS"},"content":{"rendered":"<p>Usando o design do GP-7 SRC, o novo capacete principal Arai GP-7 \u00e9 feito a partir de um sistema Complex Laminate especialmente projetado para a fabrica\u00e7\u00e3o de um casco forte, r\u00edgido e leve.<br \/>\nO forro interno EPS de densidade m\u00faltipla de pe\u00e7a \u00fanica combina com o contorno suave da casca.<br \/>\nO capacete GP-7 possui um sistema de ventila\u00e7\u00e3o exclusivo e de alta efici\u00eancia e um sistema de abertura da viseira f\u00e1cil de usar e ajustar.<br \/>\nAs almofadas interiores moldadas proporcionam n\u00edveis inigual\u00e1veis de conforto e ajuste, ao mesmo tempo que ajudam a reduzir o ru\u00eddo do vento e as batidas.<br \/>\nO capacete \u00e9 totalmente compat\u00edvel com o mais recente padr\u00e3o Snell.<\/p>\n<p>Homologa\u00e7\u00e3o: SNELL SA2020<br \/>\nHomologa\u00e7\u00e3o: FIA 8859-2015<br \/>\nN\u00e3o aprovado na estrada.<\/p>\n<p>Equipado com clipes Hans.<\/p>\n<p>Tamanhos:<br \/>\nXS: 53\/54cm<br \/>\nS: 55\/56cm<br \/>\nM: 57\/58cm<br \/>\nL: 59\/60cm<\/p>\n","protected":false},"excerpt":{"rendered":"<p>Usando o design do GP-7 SRC, o novo capacete principal Arai GP-7 \u00e9 feito a partir de um sistema Complex Laminate especialmente projetado para a fabrica\u00e7\u00e3o de um casco forte, r\u00edgido e leve. O forro interno EPS de densidade m\u00faltipla de pe\u00e7a \u00fanica combina com o contorno suave da casca. O capacete GP-7 possui um [&hellip;]<\/p>\n","protected":false},"featured_media":22372,"template":"","meta":{"_acf_changed":false,"_eb_attr":"","_uag_custom_page_level_css":"","_monsterinsights_skip_tracking":false,"_monsterinsights_sitenote_active":false,"_monsterinsights_sitenote_note":"","_monsterinsights_sitenote_category":0,"site-sidebar-layout":"default","site-content-layout":"","ast-site-content-layout":"default","site-content-style":"default","site-sidebar-style":"default","ast-global-header-display":"","ast-banner-title-visibility":"","ast-main-header-display":"","ast-hfb-above-header-display":"","ast-hfb-below-header-display":"","ast-hfb-mobile-header-display":"","site-post-title":"","ast-breadcrumbs-content":"","ast-featured-img":"","footer-sml-layout":"","ast-disable-related-posts":"","theme-transparent-header-meta":"default","adv-header-id-meta":"","stick-header-meta":"default","header-above-stick-meta":"","header-main-stick-meta":"","header-below-stick-meta":"","astra-migrate-meta-layouts":"set","ast-page-background-enabled":"default","ast-page-background-meta":{"desktop":{"background-color":"","background-image":"","background-repeat":"repeat","background-position":"center center","background-size":"auto","background-attachment":"scroll","background-type":"","background-media":"","overlay-type":"","overlay-color":"","overlay-opacity":"","overlay-gradient":""},"tablet":{"background-color":"","background-image":"","background-repeat":"repeat","background-position":"center center","background-size":"auto","background-attachment":"scroll","background-type":"","background-media":"","overlay-type":"","overlay-color":"","overlay-opacity":"","overlay-gradient":""},"mobile":{"background-color":"","background-image":"","background-repeat":"repeat","background-position":"center center","background-size":"auto","background-attachment":"scroll","background-type":"","background-media":"","overlay-type":"","overlay-color":"","overlay-opacity":"","overlay-gradient":""}},"ast-content-background-meta":{"desktop":{"background-color":"var(--ast-global-color-5)","background-image":"","background-repeat":"repeat","background-position":"center center","background-size":"auto","background-attachment":"scroll","background-type":"","background-media":"","overlay-type":"","overlay-color":"","overlay-opacity":"","overlay-gradient":""},"tablet":{"background-color":"var(--ast-global-color-5)","background-image":"","background-repeat":"repeat","background-position":"center center","background-size":"auto","background-attachment":"scroll","background-type":"","background-media":"","overlay-type":"","overlay-color":"","overlay-opacity":"","overlay-gradient":""},"mobile":{"background-color":"var(--ast-global-color-5)","background-image":"","background-repeat":"repeat","background-position":"center center","background-size":"auto","background-attachment":"scroll","background-type":"","background-media":"","overlay-type":"","overlay-color":"","overlay-opacity":"","overlay-gradient":""}},"_joinchat":[]},"product_brand":[],"product_cat":[505,504],"product_tag":[],"berocket_brand":[771],"class_list":{"0":"post-16538","1":"product","2":"type-product","3":"status-publish","4":"has-post-thumbnail","6":"product_cat-capacetes-premium","7":"product_cat-produtos-premium","8":"berocket_brand-arai","9":"desktop-align-left","10":"tablet-align-left","11":"mobile-align-left","12":"ast-product-gallery-layout-horizontal-slider","13":"ast-product-single-variable","14":"ast-product-tabs-layout-horizontal","16":"first","17":"instock","18":"taxable","19":"shipping-taxable","20":"purchasable","21":"product-type-variable"},"acf":[],"uagb_featured_image_src":{"full":["https:\/\/www.lojadokart.com\/wp-content\/uploads\/2024\/01\/gp7-arai-helmet-with-hans-clips-3.webp",800,800,false],"thumbnail":["https:\/\/www.lojadokart.com\/wp-content\/uploads\/2024\/01\/gp7-arai-helmet-with-hans-clips-3-150x150.webp",150,150,true],"medium":["https:\/\/www.lojadokart.com\/wp-content\/uploads\/2024\/01\/gp7-arai-helmet-with-hans-clips-3-300x300.webp",300,300,true],"medium_large":["https:\/\/www.lojadokart.com\/wp-content\/uploads\/2024\/01\/gp7-arai-helmet-with-hans-clips-3-768x768.webp",768,768,true],"large":["https:\/\/www.lojadokart.com\/wp-content\/uploads\/2024\/01\/gp7-arai-helmet-with-hans-clips-3.webp",800,800,false],"1536x1536":["https:\/\/www.lojadokart.com\/wp-content\/uploads\/2024\/01\/gp7-arai-helmet-with-hans-clips-3.webp",800,800,false],"2048x2048":["https:\/\/www.lojadokart.com\/wp-content\/uploads\/2024\/01\/gp7-arai-helmet-with-hans-clips-3.webp",800,800,false],"woocommerce_thumbnail":["https:\/\/www.lojadokart.com\/wp-content\/uploads\/2024\/01\/gp7-arai-helmet-with-hans-clips-3-300x300.webp",300,300,true],"woocommerce_single":["https:\/\/www.lojadokart.com\/wp-content\/uploads\/2024\/01\/gp7-arai-helmet-with-hans-clips-3-600x600.webp",600,600,true],"woocommerce_gallery_thumbnail":["https:\/\/www.lojadokart.com\/wp-content\/uploads\/2024\/01\/gp7-arai-helmet-with-hans-clips-3-100x100.webp",100,100,true]},"uagb_author_info":{"display_name":"admin","author_link":"https:\/\/www.lojadokart.com\/?author=0"},"uagb_comment_info":0,"uagb_excerpt":"Usando o design do GP-7 SRC, o novo capacete principal Arai GP-7 \u00e9 feito a partir de um sistema Complex Laminate especialmente projetado para a fabrica\u00e7\u00e3o de um casco forte, r\u00edgido e leve. O forro interno EPS de densidade m\u00faltipla de pe\u00e7a \u00fanica combina com o contorno suave da casca. O capacete GP-7 possui um&hellip;","_links":{"self":[{"href":"https:\/\/www.lojadokart.com\/index.php?rest_route=\/wp\/v2\/product\/16538","targetHints":{"allow":["GET"]}}],"collection":[{"href":"https:\/\/www.lojadokart.com\/index.php?rest_route=\/wp\/v2\/product"}],"about":[{"href":"https:\/\/www.lojadokart.com\/index.php?rest_route=\/wp\/v2\/types\/product"}],"wp:featuredmedia":[{"embeddable":true,"href":"https:\/\/www.lojadokart.com\/index.php?rest_route=\/wp\/v2\/media\/22372"}],"wp:attachment":[{"href":"https:\/\/www.lojadokart.com\/index.php?rest_route=%2Fwp%2Fv2%2Fmedia&parent=16538"}],"wp:term":[{"taxonomy":"product_brand","embeddable":true,"href":"https:\/\/www.lojadokart.com\/index.php?rest_route=%2Fwp%2Fv2%2Fproduct_brand&post=16538"},{"taxonomy":"product_cat","embeddable":true,"href":"https:\/\/www.lojadokart.com\/index.php?rest_route=%2Fwp%2Fv2%2Fproduct_cat&post=16538"},{"taxonomy":"product_tag","embeddable":true,"href":"https:\/\/www.lojadokart.com\/index.php?rest_route=%2Fwp%2Fv2%2Fproduct_tag&post=16538"},{"taxonomy":"berocket_brand","embeddable":true,"href":"https:\/\/www.lojadokart.com\/index.php?rest_route=%2Fwp%2Fv2%2Fberocket_brand&post=16538"}],"curies":[{"name":"wp","href":"https:\/\/api.w.org\/{rel}","templated":true}]}}