{"id":22461,"date":"2025-10-25T10:31:25","date_gmt":"2025-10-25T09:31:25","guid":{"rendered":"https:\/\/www.lojadokart.com\/?post_type=product&#038;p=22461"},"modified":"2026-05-01T04:00:22","modified_gmt":"2026-05-01T03:00:22","slug":"sodi-racing-t-shirt","status":"publish","type":"product","link":"https:\/\/www.lojadokart.com\/?product=sodi-racing-t-shirt","title":{"rendered":"SODI RACING T-SHIRT"},"content":{"rendered":"<p data-start=\"0\" data-end=\"53\"><strong data-start=\"0\" data-end=\"51\">T-shirt Sodi Racing \u2013 Preto, Laranja e Cinzento<\/strong><\/p>\n<p data-start=\"55\" data-end=\"485\">T-shirt oficial <strong data-start=\"71\" data-end=\"86\">Sodi Racing<\/strong>, com design moderno e desportivo nas cores <strong data-start=\"130\" data-end=\"159\">preto, laranja e cinzento<\/strong>.<br data-start=\"160\" data-end=\"163\" \/>Apresenta o <strong data-start=\"175\" data-end=\"192\">log\u00f3tipo Sodi<\/strong> em <strong data-start=\"196\" data-end=\"229\" data-is-only-node=\"\">impress\u00e3o HD (alta defini\u00e7\u00e3o)<\/strong> no <strong data-start=\"233\" data-end=\"258\">peito (lado esquerdo)<\/strong> e nas <strong data-start=\"265\" data-end=\"275\">costas<\/strong>, e o log\u00f3tipo <strong data-start=\"290\" data-end=\"303\">Itakashop<\/strong> em <strong data-start=\"307\" data-end=\"319\">HD-Print<\/strong> no <strong data-start=\"323\" data-end=\"347\">peito (lado direito)<\/strong>.<br data-start=\"348\" data-end=\"351\" \/>Na <strong data-start=\"354\" data-end=\"371\">manga direita<\/strong>, est\u00e3o impressos os log\u00f3tipos <strong data-start=\"402\" data-end=\"414\">Sodikart<\/strong>, <strong data-start=\"416\" data-end=\"425\">Box\u2019s<\/strong>, <strong data-start=\"427\" data-end=\"438\">Mekaone<\/strong> e <strong data-start=\"441\" data-end=\"452\">Tekneex<\/strong>, tamb\u00e9m em <strong data-start=\"464\" data-end=\"482\">alta defini\u00e7\u00e3o<\/strong>.<\/p>\n<p data-start=\"487\" data-end=\"623\">Fabricada em <strong data-start=\"500\" data-end=\"516\">100% algod\u00e3o<\/strong>, oferece <strong data-start=\"526\" data-end=\"567\">conforto, respirabilidade e suavidade<\/strong>, ideal para o uso di\u00e1rio ou em eventos de competi\u00e7\u00e3o.<\/p>\n<p data-start=\"625\" data-end=\"655\"><strong data-start=\"625\" data-end=\"640\">Composi\u00e7\u00e3o:<\/strong> 100% algod\u00e3o<\/p>\n<p data-start=\"657\" data-end=\"755\"><strong data-start=\"657\" data-end=\"682\">Tamanhos dispon\u00edveis:<\/strong><br data-start=\"682\" data-end=\"685\" \/>4 anos, 6 anos, 8 anos, 10 anos, 12 anos, XS, S, M, L, XL, XXL, XXXL<\/p>\n<p data-start=\"757\" data-end=\"848\" data-is-last-node=\"\" data-is-only-node=\"\"><strong data-start=\"757\" data-end=\"766\">Nota:<\/strong> Em caso de d\u00favida entre dois tamanhos, <strong data-start=\"806\" data-end=\"847\">recomenda-se escolher o tamanho acima<\/strong>.<\/p>\n","protected":false},"excerpt":{"rendered":"<p>T-shirt Sodi Racing \u2013 Preto, Laranja e Cinzento T-shirt oficial Sodi Racing, com design moderno e desportivo nas cores preto, laranja e cinzento.Apresenta o log\u00f3tipo Sodi em impress\u00e3o HD (alta defini\u00e7\u00e3o) no peito (lado esquerdo) e nas costas, e o log\u00f3tipo Itakashop em HD-Print no peito (lado direito).Na manga direita, est\u00e3o impressos os log\u00f3tipos Sodikart, [&hellip;]<\/p>\n","protected":false},"featured_media":22474,"template":"","meta":{"_acf_changed":false,"_eb_attr":"","_uag_custom_page_level_css":"","_monsterinsights_skip_tracking":false,"_monsterinsights_sitenote_active":false,"_monsterinsights_sitenote_note":"","_monsterinsights_sitenote_category":0,"site-sidebar-layout":"default","site-content-layout":"","ast-site-content-layout":"default","site-content-style":"default","site-sidebar-style":"default","ast-global-header-display":"","ast-banner-title-visibility":"","ast-main-header-display":"","ast-hfb-above-header-display":"","ast-hfb-below-header-display":"","ast-hfb-mobile-header-display":"","site-post-title":"","ast-breadcrumbs-content":"","ast-featured-img":"","footer-sml-layout":"","ast-disable-related-posts":"","theme-transparent-header-meta":"default","adv-header-id-meta":"","stick-header-meta":"default","header-above-stick-meta":"","header-main-stick-meta":"","header-below-stick-meta":"","astra-migrate-meta-layouts":"set","ast-page-background-enabled":"default","ast-page-background-meta":{"desktop":{"background-color":"","background-image":"","background-repeat":"repeat","background-position":"center center","background-size":"auto","background-attachment":"scroll","background-type":"","background-media":"","overlay-type":"","overlay-color":"","overlay-opacity":"","overlay-gradient":""},"tablet":{"background-color":"","background-image":"","background-repeat":"repeat","background-position":"center center","background-size":"auto","background-attachment":"scroll","background-type":"","background-media":"","overlay-type":"","overlay-color":"","overlay-opacity":"","overlay-gradient":""},"mobile":{"background-color":"","background-image":"","background-repeat":"repeat","background-position":"center center","background-size":"auto","background-attachment":"scroll","background-type":"","background-media":"","overlay-type":"","overlay-color":"","overlay-opacity":"","overlay-gradient":""}},"ast-content-background-meta":{"desktop":{"background-color":"var(--ast-global-color-5)","background-image":"","background-repeat":"repeat","background-position":"center center","background-size":"auto","background-attachment":"scroll","background-type":"","background-media":"","overlay-type":"","overlay-color":"","overlay-opacity":"","overlay-gradient":""},"tablet":{"background-color":"var(--ast-global-color-5)","background-image":"","background-repeat":"repeat","background-position":"center center","background-size":"auto","background-attachment":"scroll","background-type":"","background-media":"","overlay-type":"","overlay-color":"","overlay-opacity":"","overlay-gradient":""},"mobile":{"background-color":"var(--ast-global-color-5)","background-image":"","background-repeat":"repeat","background-position":"center center","background-size":"auto","background-attachment":"scroll","background-type":"","background-media":"","overlay-type":"","overlay-color":"","overlay-opacity":"","overlay-gradient":""}},"_joinchat":[]},"product_brand":[],"product_cat":[778],"product_tag":[],"berocket_brand":[779],"class_list":{"0":"post-22461","1":"product","2":"type-product","3":"status-publish","4":"has-post-thumbnail","6":"product_cat-mercch-sodi","7":"berocket_brand-sodi","8":"desktop-align-left","9":"tablet-align-left","10":"mobile-align-left","11":"ast-product-gallery-layout-horizontal-slider","12":"ast-product-single-variable","13":"ast-product-tabs-layout-horizontal","15":"first","16":"instock","17":"taxable","18":"shipping-taxable","19":"purchasable","20":"product-type-variable"},"acf":[],"uagb_featured_image_src":{"full":["https:\/\/www.lojadokart.com\/wp-content\/uploads\/2025\/10\/sodi-racing-t-shirt.webp",800,800,false],"thumbnail":["https:\/\/www.lojadokart.com\/wp-content\/uploads\/2025\/10\/sodi-racing-t-shirt-150x150.webp",150,150,true],"medium":["https:\/\/www.lojadokart.com\/wp-content\/uploads\/2025\/10\/sodi-racing-t-shirt-300x300.webp",300,300,true],"medium_large":["https:\/\/www.lojadokart.com\/wp-content\/uploads\/2025\/10\/sodi-racing-t-shirt-768x768.webp",768,768,true],"large":["https:\/\/www.lojadokart.com\/wp-content\/uploads\/2025\/10\/sodi-racing-t-shirt.webp",800,800,false],"1536x1536":["https:\/\/www.lojadokart.com\/wp-content\/uploads\/2025\/10\/sodi-racing-t-shirt.webp",800,800,false],"2048x2048":["https:\/\/www.lojadokart.com\/wp-content\/uploads\/2025\/10\/sodi-racing-t-shirt.webp",800,800,false],"woocommerce_thumbnail":["https:\/\/www.lojadokart.com\/wp-content\/uploads\/2025\/10\/sodi-racing-t-shirt-300x300.webp",300,300,true],"woocommerce_single":["https:\/\/www.lojadokart.com\/wp-content\/uploads\/2025\/10\/sodi-racing-t-shirt-600x600.webp",600,600,true],"woocommerce_gallery_thumbnail":["https:\/\/www.lojadokart.com\/wp-content\/uploads\/2025\/10\/sodi-racing-t-shirt-100x100.webp",100,100,true]},"uagb_author_info":{"display_name":"admin","author_link":"https:\/\/www.lojadokart.com\/?author=0"},"uagb_comment_info":0,"uagb_excerpt":"T-shirt Sodi Racing \u2013 Preto, Laranja e Cinzento T-shirt oficial Sodi Racing, com design moderno e desportivo nas cores preto, laranja e cinzento.Apresenta o log\u00f3tipo Sodi em impress\u00e3o HD (alta defini\u00e7\u00e3o) no peito (lado esquerdo) e nas costas, e o log\u00f3tipo Itakashop em HD-Print no peito (lado direito).Na manga direita, est\u00e3o impressos os log\u00f3tipos Sodikart,&hellip;","_links":{"self":[{"href":"https:\/\/www.lojadokart.com\/index.php?rest_route=\/wp\/v2\/product\/22461","targetHints":{"allow":["GET"]}}],"collection":[{"href":"https:\/\/www.lojadokart.com\/index.php?rest_route=\/wp\/v2\/product"}],"about":[{"href":"https:\/\/www.lojadokart.com\/index.php?rest_route=\/wp\/v2\/types\/product"}],"wp:featuredmedia":[{"embeddable":true,"href":"https:\/\/www.lojadokart.com\/index.php?rest_route=\/wp\/v2\/media\/22474"}],"wp:attachment":[{"href":"https:\/\/www.lojadokart.com\/index.php?rest_route=%2Fwp%2Fv2%2Fmedia&parent=22461"}],"wp:term":[{"taxonomy":"product_brand","embeddable":true,"href":"https:\/\/www.lojadokart.com\/index.php?rest_route=%2Fwp%2Fv2%2Fproduct_brand&post=22461"},{"taxonomy":"product_cat","embeddable":true,"href":"https:\/\/www.lojadokart.com\/index.php?rest_route=%2Fwp%2Fv2%2Fproduct_cat&post=22461"},{"taxonomy":"product_tag","embeddable":true,"href":"https:\/\/www.lojadokart.com\/index.php?rest_route=%2Fwp%2Fv2%2Fproduct_tag&post=22461"},{"taxonomy":"berocket_brand","embeddable":true,"href":"https:\/\/www.lojadokart.com\/index.php?rest_route=%2Fwp%2Fv2%2Fberocket_brand&post=22461"}],"curies":[{"name":"wp","href":"https:\/\/api.w.org\/{rel}","templated":true}]}}