{"id":22530,"date":"2025-11-05T16:16:54","date_gmt":"2025-11-05T16:16:54","guid":{"rendered":"https:\/\/www.lojadokart.com\/?post_type=product&#038;p=22530"},"modified":"2026-05-01T04:00:19","modified_gmt":"2026-05-01T03:00:19","slug":"sodi-snapback-cap-with-mesh","status":"publish","type":"product","link":"https:\/\/www.lojadokart.com\/?product=sodi-snapback-cap-with-mesh","title":{"rendered":"SODI SNAPBACK CAP WITH MESH"},"content":{"rendered":"<p data-start=\"0\" data-end=\"33\"><strong data-start=\"0\" data-end=\"31\">Bon\u00e9 SODI Snapback com rede<\/strong><\/p>\n<p data-start=\"35\" data-end=\"263\">Bon\u00e9 <strong data-start=\"40\" data-end=\"48\">SODI<\/strong> estilo <strong data-start=\"56\" data-end=\"68\">snapback<\/strong>, com painel traseiro em <strong data-start=\"93\" data-end=\"101\">rede<\/strong>, garantindo <strong data-start=\"114\" data-end=\"138\">excelente ventila\u00e7\u00e3o<\/strong> e conforto durante o uso.<br data-start=\"164\" data-end=\"167\" \/>Apresenta o <strong data-start=\"179\" data-end=\"204\">log\u00f3tipo SODI bordado<\/strong> na parte frontal para um look desportivo e de qualidade.<\/p>\n<p data-start=\"265\" data-end=\"374\">O ajuste \u00e9 feito atrav\u00e9s do <strong data-start=\"293\" data-end=\"313\">sistema snapback<\/strong> na parte de tr\u00e1s, permitindo adaptar facilmente o tamanho.<\/p>\n<p data-start=\"376\" data-end=\"390\" data-is-last-node=\"\" data-is-only-node=\"\"><strong data-start=\"376\" data-end=\"384\">Cor:<\/strong> Preto<\/p>\n","protected":false},"excerpt":{"rendered":"<p>Bon\u00e9 SODI Snapback com rede Bon\u00e9 SODI estilo snapback, com painel traseiro em rede, garantindo excelente ventila\u00e7\u00e3o e conforto durante o uso.Apresenta o log\u00f3tipo SODI bordado na parte frontal para um look desportivo e de qualidade. O ajuste \u00e9 feito atrav\u00e9s do sistema snapback na parte de tr\u00e1s, permitindo adaptar facilmente o tamanho. Cor: Preto<\/p>\n","protected":false},"featured_media":22531,"template":"","meta":{"_acf_changed":false,"_eb_attr":"","_uag_custom_page_level_css":"","_monsterinsights_skip_tracking":false,"_monsterinsights_sitenote_active":false,"_monsterinsights_sitenote_note":"","_monsterinsights_sitenote_category":0,"site-sidebar-layout":"default","site-content-layout":"","ast-site-content-layout":"default","site-content-style":"default","site-sidebar-style":"default","ast-global-header-display":"","ast-banner-title-visibility":"","ast-main-header-display":"","ast-hfb-above-header-display":"","ast-hfb-below-header-display":"","ast-hfb-mobile-header-display":"","site-post-title":"","ast-breadcrumbs-content":"","ast-featured-img":"","footer-sml-layout":"","ast-disable-related-posts":"","theme-transparent-header-meta":"default","adv-header-id-meta":"","stick-header-meta":"default","header-above-stick-meta":"","header-main-stick-meta":"","header-below-stick-meta":"","astra-migrate-meta-layouts":"set","ast-page-background-enabled":"default","ast-page-background-meta":{"desktop":{"background-color":"","background-image":"","background-repeat":"repeat","background-position":"center center","background-size":"auto","background-attachment":"scroll","background-type":"","background-media":"","overlay-type":"","overlay-color":"","overlay-opacity":"","overlay-gradient":""},"tablet":{"background-color":"","background-image":"","background-repeat":"repeat","background-position":"center center","background-size":"auto","background-attachment":"scroll","background-type":"","background-media":"","overlay-type":"","overlay-color":"","overlay-opacity":"","overlay-gradient":""},"mobile":{"background-color":"","background-image":"","background-repeat":"repeat","background-position":"center center","background-size":"auto","background-attachment":"scroll","background-type":"","background-media":"","overlay-type":"","overlay-color":"","overlay-opacity":"","overlay-gradient":""}},"ast-content-background-meta":{"desktop":{"background-color":"var(--ast-global-color-5)","background-image":"","background-repeat":"repeat","background-position":"center center","background-size":"auto","background-attachment":"scroll","background-type":"","background-media":"","overlay-type":"","overlay-color":"","overlay-opacity":"","overlay-gradient":""},"tablet":{"background-color":"var(--ast-global-color-5)","background-image":"","background-repeat":"repeat","background-position":"center center","background-size":"auto","background-attachment":"scroll","background-type":"","background-media":"","overlay-type":"","overlay-color":"","overlay-opacity":"","overlay-gradient":""},"mobile":{"background-color":"var(--ast-global-color-5)","background-image":"","background-repeat":"repeat","background-position":"center center","background-size":"auto","background-attachment":"scroll","background-type":"","background-media":"","overlay-type":"","overlay-color":"","overlay-opacity":"","overlay-gradient":""}},"_joinchat":[]},"product_brand":[],"product_cat":[778],"product_tag":[],"berocket_brand":[779],"class_list":{"0":"post-22530","1":"product","2":"type-product","3":"status-publish","4":"has-post-thumbnail","6":"product_cat-mercch-sodi","7":"berocket_brand-sodi","8":"desktop-align-left","9":"tablet-align-left","10":"mobile-align-left","11":"ast-product-gallery-layout-horizontal-slider","12":"ast-product-tabs-layout-horizontal","14":"first","15":"instock","16":"taxable","17":"shipping-taxable","18":"purchasable","19":"product-type-simple"},"acf":[],"uagb_featured_image_src":{"full":["https:\/\/www.lojadokart.com\/wp-content\/uploads\/2025\/11\/sodi-snapback-cap-with-mesh.webp",800,800,false],"thumbnail":["https:\/\/www.lojadokart.com\/wp-content\/uploads\/2025\/11\/sodi-snapback-cap-with-mesh-150x150.webp",150,150,true],"medium":["https:\/\/www.lojadokart.com\/wp-content\/uploads\/2025\/11\/sodi-snapback-cap-with-mesh-300x300.webp",300,300,true],"medium_large":["https:\/\/www.lojadokart.com\/wp-content\/uploads\/2025\/11\/sodi-snapback-cap-with-mesh-768x768.webp",768,768,true],"large":["https:\/\/www.lojadokart.com\/wp-content\/uploads\/2025\/11\/sodi-snapback-cap-with-mesh.webp",800,800,false],"1536x1536":["https:\/\/www.lojadokart.com\/wp-content\/uploads\/2025\/11\/sodi-snapback-cap-with-mesh.webp",800,800,false],"2048x2048":["https:\/\/www.lojadokart.com\/wp-content\/uploads\/2025\/11\/sodi-snapback-cap-with-mesh.webp",800,800,false],"woocommerce_thumbnail":["https:\/\/www.lojadokart.com\/wp-content\/uploads\/2025\/11\/sodi-snapback-cap-with-mesh-300x300.webp",300,300,true],"woocommerce_single":["https:\/\/www.lojadokart.com\/wp-content\/uploads\/2025\/11\/sodi-snapback-cap-with-mesh-600x600.webp",600,600,true],"woocommerce_gallery_thumbnail":["https:\/\/www.lojadokart.com\/wp-content\/uploads\/2025\/11\/sodi-snapback-cap-with-mesh-100x100.webp",100,100,true]},"uagb_author_info":{"display_name":"admin","author_link":"https:\/\/www.lojadokart.com\/?author=0"},"uagb_comment_info":0,"uagb_excerpt":"Bon\u00e9 SODI Snapback com rede Bon\u00e9 SODI estilo snapback, com painel traseiro em rede, garantindo excelente ventila\u00e7\u00e3o e conforto durante o uso.Apresenta o log\u00f3tipo SODI bordado na parte frontal para um look desportivo e de qualidade. O ajuste \u00e9 feito atrav\u00e9s do sistema snapback na parte de tr\u00e1s, permitindo adaptar facilmente o tamanho. Cor: Preto","_links":{"self":[{"href":"https:\/\/www.lojadokart.com\/index.php?rest_route=\/wp\/v2\/product\/22530","targetHints":{"allow":["GET"]}}],"collection":[{"href":"https:\/\/www.lojadokart.com\/index.php?rest_route=\/wp\/v2\/product"}],"about":[{"href":"https:\/\/www.lojadokart.com\/index.php?rest_route=\/wp\/v2\/types\/product"}],"wp:featuredmedia":[{"embeddable":true,"href":"https:\/\/www.lojadokart.com\/index.php?rest_route=\/wp\/v2\/media\/22531"}],"wp:attachment":[{"href":"https:\/\/www.lojadokart.com\/index.php?rest_route=%2Fwp%2Fv2%2Fmedia&parent=22530"}],"wp:term":[{"taxonomy":"product_brand","embeddable":true,"href":"https:\/\/www.lojadokart.com\/index.php?rest_route=%2Fwp%2Fv2%2Fproduct_brand&post=22530"},{"taxonomy":"product_cat","embeddable":true,"href":"https:\/\/www.lojadokart.com\/index.php?rest_route=%2Fwp%2Fv2%2Fproduct_cat&post=22530"},{"taxonomy":"product_tag","embeddable":true,"href":"https:\/\/www.lojadokart.com\/index.php?rest_route=%2Fwp%2Fv2%2Fproduct_tag&post=22530"},{"taxonomy":"berocket_brand","embeddable":true,"href":"https:\/\/www.lojadokart.com\/index.php?rest_route=%2Fwp%2Fv2%2Fberocket_brand&post=22530"}],"curies":[{"name":"wp","href":"https:\/\/api.w.org\/{rel}","templated":true}]}}