{"id":22558,"date":"2025-11-05T17:22:43","date_gmt":"2025-11-05T17:22:43","guid":{"rendered":"https:\/\/www.lojadokart.com\/?post_type=product&#038;p=22558"},"modified":"2026-05-01T04:00:22","modified_gmt":"2026-05-01T03:00:22","slug":"bermuda-sodi-racing-shorts","status":"publish","type":"product","link":"https:\/\/www.lojadokart.com\/?product=bermuda-sodi-racing-shorts","title":{"rendered":"BERMUDA SODI RACING SHORTS"},"content":{"rendered":"<p data-start=\"0\" data-end=\"34\"><strong data-start=\"0\" data-end=\"32\">Bermudas Sodi Racing \u2013 Preto<\/strong><\/p>\n<p data-start=\"36\" data-end=\"354\">Bermudas <strong data-start=\"45\" data-end=\"60\">Sodi Racing<\/strong> em preto, com <strong data-start=\"75\" data-end=\"93\">estilo moderno<\/strong> e design pensado para conforto e praticidade.<br data-start=\"139\" data-end=\"142\" \/>Possuem <strong data-start=\"150\" data-end=\"187\">cintura com passadores para cinto<\/strong>, <strong data-start=\"189\" data-end=\"210\" data-is-only-node=\"\">2 bolsos frontais<\/strong> e <strong data-start=\"213\" data-end=\"235\">2 bolsos traseiros<\/strong>, sendo o bolso traseiro direito decorado com o <strong data-start=\"283\" data-end=\"308\">log\u00f3tipo Sodi bordado<\/strong>, conferindo um toque desportivo e elegante.<\/p>\n<p data-start=\"356\" data-end=\"389\"><strong data-start=\"356\" data-end=\"387\">Caracter\u00edsticas principais:<\/strong><\/p>\n<ul data-start=\"390\" data-end=\"513\">\n<li data-start=\"390\" data-end=\"422\">\n<p data-start=\"392\" data-end=\"422\">Estilo moderno e confort\u00e1vel<\/p>\n<\/li>\n<li data-start=\"423\" data-end=\"448\">\n<p data-start=\"425\" data-end=\"448\">Passadores para cinto<\/p>\n<\/li>\n<li data-start=\"449\" data-end=\"470\">\n<p data-start=\"451\" data-end=\"470\">Bolsos funcionais<\/p>\n<\/li>\n<li data-start=\"471\" data-end=\"513\">\n<p data-start=\"473\" data-end=\"513\">Bordado Sodi no bolso traseiro direito<\/p>\n<\/li>\n<\/ul>\n<p data-start=\"515\" data-end=\"542\"><strong data-start=\"515\" data-end=\"540\">Tamanhos dispon\u00edveis:<\/strong><\/p>\n<ul data-start=\"543\" data-end=\"702\" data-is-last-node=\"\" data-is-only-node=\"\">\n<li data-start=\"543\" data-end=\"560\">\n<p data-start=\"545\" data-end=\"560\">FR 38 (US 28)<\/p>\n<\/li>\n<li data-start=\"561\" data-end=\"578\">\n<p data-start=\"563\" data-end=\"578\">FR 40 (US 30)<\/p>\n<\/li>\n<li data-start=\"579\" data-end=\"596\">\n<p data-start=\"581\" data-end=\"596\">FR 42 (US 32)<\/p>\n<\/li>\n<li data-start=\"597\" data-end=\"614\">\n<p data-start=\"599\" data-end=\"614\">FR 44 (US 34)<\/p>\n<\/li>\n<li data-start=\"615\" data-end=\"632\">\n<p data-start=\"617\" data-end=\"632\">FR 46 (US 36)<\/p>\n<\/li>\n<li data-start=\"633\" data-end=\"650\">\n<p data-start=\"635\" data-end=\"650\">FR 48 (US 38)<\/p>\n<\/li>\n<li data-start=\"651\" data-end=\"668\">\n<p data-start=\"653\" data-end=\"668\">FR 50 (US 40)<\/p>\n<\/li>\n<li data-start=\"669\" data-end=\"686\">\n<p data-start=\"671\" data-end=\"686\">FR 52 (US 42)<\/p>\n<\/li>\n<li data-start=\"687\" data-end=\"702\" data-is-last-node=\"\">\n<p data-start=\"689\" data-end=\"702\" data-is-last-node=\"\">FR 54 (US 44)<\/p>\n<\/li>\n<\/ul>\n","protected":false},"excerpt":{"rendered":"<p>Bermudas Sodi Racing \u2013 Preto Bermudas Sodi Racing em preto, com estilo moderno e design pensado para conforto e praticidade.Possuem cintura com passadores para cinto, 2 bolsos frontais e 2 bolsos traseiros, sendo o bolso traseiro direito decorado com o log\u00f3tipo Sodi bordado, conferindo um toque desportivo e elegante. Caracter\u00edsticas principais: Estilo moderno e confort\u00e1vel [&hellip;]<\/p>\n","protected":false},"featured_media":22567,"template":"","meta":{"_acf_changed":false,"_eb_attr":"","_uag_custom_page_level_css":"","_monsterinsights_skip_tracking":false,"_monsterinsights_sitenote_active":false,"_monsterinsights_sitenote_note":"","_monsterinsights_sitenote_category":0,"site-sidebar-layout":"default","site-content-layout":"","ast-site-content-layout":"default","site-content-style":"default","site-sidebar-style":"default","ast-global-header-display":"","ast-banner-title-visibility":"","ast-main-header-display":"","ast-hfb-above-header-display":"","ast-hfb-below-header-display":"","ast-hfb-mobile-header-display":"","site-post-title":"","ast-breadcrumbs-content":"","ast-featured-img":"","footer-sml-layout":"","ast-disable-related-posts":"","theme-transparent-header-meta":"default","adv-header-id-meta":"","stick-header-meta":"default","header-above-stick-meta":"","header-main-stick-meta":"","header-below-stick-meta":"","astra-migrate-meta-layouts":"set","ast-page-background-enabled":"default","ast-page-background-meta":{"desktop":{"background-color":"","background-image":"","background-repeat":"repeat","background-position":"center center","background-size":"auto","background-attachment":"scroll","background-type":"","background-media":"","overlay-type":"","overlay-color":"","overlay-opacity":"","overlay-gradient":""},"tablet":{"background-color":"","background-image":"","background-repeat":"repeat","background-position":"center center","background-size":"auto","background-attachment":"scroll","background-type":"","background-media":"","overlay-type":"","overlay-color":"","overlay-opacity":"","overlay-gradient":""},"mobile":{"background-color":"","background-image":"","background-repeat":"repeat","background-position":"center center","background-size":"auto","background-attachment":"scroll","background-type":"","background-media":"","overlay-type":"","overlay-color":"","overlay-opacity":"","overlay-gradient":""}},"ast-content-background-meta":{"desktop":{"background-color":"var(--ast-global-color-5)","background-image":"","background-repeat":"repeat","background-position":"center center","background-size":"auto","background-attachment":"scroll","background-type":"","background-media":"","overlay-type":"","overlay-color":"","overlay-opacity":"","overlay-gradient":""},"tablet":{"background-color":"var(--ast-global-color-5)","background-image":"","background-repeat":"repeat","background-position":"center center","background-size":"auto","background-attachment":"scroll","background-type":"","background-media":"","overlay-type":"","overlay-color":"","overlay-opacity":"","overlay-gradient":""},"mobile":{"background-color":"var(--ast-global-color-5)","background-image":"","background-repeat":"repeat","background-position":"center center","background-size":"auto","background-attachment":"scroll","background-type":"","background-media":"","overlay-type":"","overlay-color":"","overlay-opacity":"","overlay-gradient":""}},"_joinchat":[]},"product_brand":[],"product_cat":[778],"product_tag":[],"berocket_brand":[779],"class_list":{"0":"post-22558","1":"product","2":"type-product","3":"status-publish","4":"has-post-thumbnail","6":"product_cat-mercch-sodi","7":"berocket_brand-sodi","8":"desktop-align-left","9":"tablet-align-left","10":"mobile-align-left","11":"ast-product-gallery-layout-horizontal-slider","12":"ast-product-single-variable","13":"ast-product-tabs-layout-horizontal","15":"first","16":"instock","17":"taxable","18":"shipping-taxable","19":"purchasable","20":"product-type-variable"},"acf":[],"uagb_featured_image_src":{"full":["https:\/\/www.lojadokart.com\/wp-content\/uploads\/2025\/11\/sodi-racing-bermuda-shorts.webp",800,800,false],"thumbnail":["https:\/\/www.lojadokart.com\/wp-content\/uploads\/2025\/11\/sodi-racing-bermuda-shorts-150x150.webp",150,150,true],"medium":["https:\/\/www.lojadokart.com\/wp-content\/uploads\/2025\/11\/sodi-racing-bermuda-shorts-300x300.webp",300,300,true],"medium_large":["https:\/\/www.lojadokart.com\/wp-content\/uploads\/2025\/11\/sodi-racing-bermuda-shorts-768x768.webp",768,768,true],"large":["https:\/\/www.lojadokart.com\/wp-content\/uploads\/2025\/11\/sodi-racing-bermuda-shorts.webp",800,800,false],"1536x1536":["https:\/\/www.lojadokart.com\/wp-content\/uploads\/2025\/11\/sodi-racing-bermuda-shorts.webp",800,800,false],"2048x2048":["https:\/\/www.lojadokart.com\/wp-content\/uploads\/2025\/11\/sodi-racing-bermuda-shorts.webp",800,800,false],"woocommerce_thumbnail":["https:\/\/www.lojadokart.com\/wp-content\/uploads\/2025\/11\/sodi-racing-bermuda-shorts-300x300.webp",300,300,true],"woocommerce_single":["https:\/\/www.lojadokart.com\/wp-content\/uploads\/2025\/11\/sodi-racing-bermuda-shorts-600x600.webp",600,600,true],"woocommerce_gallery_thumbnail":["https:\/\/www.lojadokart.com\/wp-content\/uploads\/2025\/11\/sodi-racing-bermuda-shorts-100x100.webp",100,100,true]},"uagb_author_info":{"display_name":"admin","author_link":"https:\/\/www.lojadokart.com\/?author=0"},"uagb_comment_info":0,"uagb_excerpt":"Bermudas Sodi Racing \u2013 Preto Bermudas Sodi Racing em preto, com estilo moderno e design pensado para conforto e praticidade.Possuem cintura com passadores para cinto, 2 bolsos frontais e 2 bolsos traseiros, sendo o bolso traseiro direito decorado com o log\u00f3tipo Sodi bordado, conferindo um toque desportivo e elegante. Caracter\u00edsticas principais: Estilo moderno e confort\u00e1vel&hellip;","_links":{"self":[{"href":"https:\/\/www.lojadokart.com\/index.php?rest_route=\/wp\/v2\/product\/22558","targetHints":{"allow":["GET"]}}],"collection":[{"href":"https:\/\/www.lojadokart.com\/index.php?rest_route=\/wp\/v2\/product"}],"about":[{"href":"https:\/\/www.lojadokart.com\/index.php?rest_route=\/wp\/v2\/types\/product"}],"wp:featuredmedia":[{"embeddable":true,"href":"https:\/\/www.lojadokart.com\/index.php?rest_route=\/wp\/v2\/media\/22567"}],"wp:attachment":[{"href":"https:\/\/www.lojadokart.com\/index.php?rest_route=%2Fwp%2Fv2%2Fmedia&parent=22558"}],"wp:term":[{"taxonomy":"product_brand","embeddable":true,"href":"https:\/\/www.lojadokart.com\/index.php?rest_route=%2Fwp%2Fv2%2Fproduct_brand&post=22558"},{"taxonomy":"product_cat","embeddable":true,"href":"https:\/\/www.lojadokart.com\/index.php?rest_route=%2Fwp%2Fv2%2Fproduct_cat&post=22558"},{"taxonomy":"product_tag","embeddable":true,"href":"https:\/\/www.lojadokart.com\/index.php?rest_route=%2Fwp%2Fv2%2Fproduct_tag&post=22558"},{"taxonomy":"berocket_brand","embeddable":true,"href":"https:\/\/www.lojadokart.com\/index.php?rest_route=%2Fwp%2Fv2%2Fberocket_brand&post=22558"}],"curies":[{"name":"wp","href":"https:\/\/api.w.org\/{rel}","templated":true}]}}